10*q + 67. Let c(f) = -8*f**2 - 32*f - 200. Let b(z) = 4*c(z) + 11*s(z). Let l(u) be the first derivative of b(u). Determine l(5).
-8
Let h = 520 + -518. Suppose 2*u - 8 = 4*g, 4*g + 10 = 5*u - h*u. Let p(s) = 6*s + 4 + s - 6. What is p(u)?
12
Let h be ((-2 - -1) + 2)*-5. Let d = 379 + -377. Let x(z) = -294 - d*z + 5*z**2 + 294 + z**3. What is x(h)?
10
Let q(k) be the third derivative of -179*k**2 + 1/60*k**5 + 0*k + 17/6*k**3 + 11/24*k**4 + 0. Determine q(-8).
-7
Let f(x) be the first derivative of -x**2/2 + 10*x + 54687. Suppose -2 = -t + 5*d, 5*t - 29 - 3 = 3*d. Determine f(t).
3
Let q(b) = 15*b - 13 + b**2 + 15*b - 39*b + b**3. Let k be q(-3). Let g(a) = 2*a - 5 - a - 2*a. Calculate g(k).
-1
Let p(l) be the second derivative of -l**3 + 3*l**2/2 - 48*l. Suppose -37*k + 34*k = 9. Determine p(k).
21
Suppose -8 - 12 = 4*f. Let y = -349 + 353. Let i(z) = -y - z**3 - 4*z**2 - 2*z**2 - 7*z**2 + 7*z + 10 + 9*z**2. Calculate i(f).
-4
Let n(f) = 5*f**3 + 114*f**2 + 128*f - 143. Let i(r) = r**3 - 4*r**2 + 2*r - 6. Let x(g) = 3*i(g) - n(g). Determine x(-62).
1
Let b(f) = 56 - 8*f + 10*f - 3*f - 62. Suppose -k = -2*k - 5*h - 31, -4*k - 49 = 5*h. Let u be (-4)/12 + 1 - (-4)/k. What is b(u)?
-6
Let b(y) = y**3 - 9*y**2 - 8*y - 8. Let w be (-10)/(-12) - (-6 - (-627)/(-198)). Calculate b(w).
12
Let r(n) = n**2 - 20 + 21*n + 6 - 7*n + 2*n - 5*n. Calculate r(-13).
12
Let v be (6 - (-1 + -7)) + -1 + -1. Let y = 69 - v. Let c = 56 - y. Let o(w) = 12*w**2 + 2*w + 1. Calculate o(c).
11
Let b(d) = -13*d**2 + 33*d - 225. Let g(m) = -4*m**2 - 1. Let z(x) = b(x) - 3*g(x). Calculate z(24).
-6
Let c(x) = -57*x + 628. Let i = 5411 + -5400. Determine c(i).
1
Let t(r) = -13*r - 69. Let n = 2730 + -2735. Determine t(n).
-4
Let i(z) = -12*z**2 + 5*z - 4. Let v be (4 - 8 - 22/(-5))*(1 - -4). Calculate i(v).
-42
Let l(d) = 3*d + 11 + d**3 + 6 + 3*d**2 - 4*d - 20 + 2*d**2. Determine l(-6).
-33
Suppose 2*t + b = 11, 2*b - 4*b + 7 = -t. Suppose -t*w - 115 = -133. Let r(v) = -3*v - 4*v**2 + 7*v**2 - 2*v**2 + 0*v. Give r(w).
18
Let d(m) = -m + 2. Suppose 7*n + 6 = 10*n. Suppose 0 = n*u - 0*f + 4*f + 4, -34 = -3*u + 4*f. Calculate d(u).
-4
Let f(c) be the third derivative of 11*c**6/60 + c**5/60 - c**4/12 + c**3/6 + 347*c**2 - 2*c. Suppose l + 2 - 3 = 0. Give f(l).
22
Suppose -1087*a + 30 = -1089*a. Let y(s) = 3*s**2 + 47*s + 30. Calculate y(a).
0
Let f(o) = -2 + 525*o + 0 - 528*o - 2. Calculate f(-3).
5
Let z(h) be the first derivative of -5*h**2/2 + 24*h + 7852. Give z(6).
-6
Let y(u) = u**3 + 4*u**2 - 3*u - 2. Suppose -2*b + 5*d + 17 = 0, -2*b + 4*d - 41 = -55. Determine y(b).
0
Let c = 305 + -384. Let n = 70 + c. Let t(h) = h + 15. Give t(n).
6
Let m(k) = 4*k - 2. Let v(a) = 5 - 9*a + 0*a - 2*a. Let n(q) = -q**2 + 27*q - 58. Let h be n(2). Let x(w) = h*m(w) - 3*v(w). What is x(-4)?
-3
Let i = 6 - 8. Let p(s) = -8*s + 1. Suppose -3*m + q = 12 + 1, 0 = -m + 5*q + 19. Let t(f) = 17*f - 2. Let k(r) = m*t(r) - 13*p(r). Calculate k(i).
-5
Let d = 280 - 277. Let f(h) = -h**d + 7*h**2 - 11*h**2 + 10*h**2 - 8 + 4*h. What is f(6)?
16
Let b(u) = u**2 - 12*u - 14. Suppose 112 = 69*f - 8 - 570. Give b(f).
-34
Let n(y) = y**2 + 8*y - 10. Let q be n(-8). Let u(x) be the second derivative of 0 - 15/2*x**2 - 65*x - 1/3*x**3. Determine u(q).
5
Suppose -2*r = -4*r + 6. Let u(y) = -6*y + 16 + 63*y**2 - 2 - 31*y**2 - 10 - 31*y**2. Determine u(r).
-5
Suppose -v = 5*m - 30, -4*m + 22 = 5*v - 23. Let t be (-5)/v + (-119)/(-17). Let b(w) = -6*w + 9. What is b(t)?
-27
Suppose 3*f - 4*o - 25 = 0, 3*o - 5*o + 26 = 4*f. Let s(y) = -10*y + 72. Calculate s(f).
2
Suppose 0 = 5*d - 20, 5*d = i - 4*i + 53. Suppose -i*v = -14*v - 12. Let r(j) = -5*j. Let p(c) = -45*c. Let n(m) = 6*p(m) - 55*r(m). Give n(v).
-20
Suppose -z + 36 = -5*z. Let s(o) = -2*o**3 + 10*o**2 + 13*o - 2. Let w(g) = 7*g**3 - 22*g**2 - 49*g + 4. Let y(m) = -3*s(m) - w(m). Determine y(z).
-7
Let u(v) be the first derivative of v**3/3 - 7*v**2/2 - 71*v - 3912. What is u(-6)?
7
Let u be (-1 - 1)*(2 + -3) - 3. Let a(k) = -2 - 24*k + 47*k + 24*k**2 + 6*k**3 - 25*k - 24*k**2. Give a(u).
-6
Let z(n) = -4*n**2 - n**3 + 13*n**2 + 8*n + 2*n + 5*n - 10 + 7. Calculate z(10).
47
Let c(w) = -w**2 - 5*w - 3. Let l(h) = h**3 - 22*h**2 + 23*h - 32. Let k be l(21). Suppose -4*d - 17 = 3*n, 3*d + 9*n = k*n - 3. What is c(d)?
3
Let z(j) = j**3 + 3*j**2 - 3*j + 5. Let r be z(-4). Let p be (-1 - 1) + (7 - r). Let c(b) be the second derivative of b**3/2 - 3*b**2/2 - 12151*b. Give c(p).
9
Let q = -62 + 69. Let r(u) = -u**3 + 7*u**2 - 5*u + 2. Let j be r(6). Let g(w) = -4 - j - q + w + 9. Calculate g(0).
-10
Let p(w) = -5*w**2 - 55*w + 6. Let z be p(-11). Let y(a) = z + 13 - 12 - a. Calculate y(11).
-4
Let w(a) be the first derivative of -a**6/120 - a**5/60 - 5*a**3/3 - 129*a**2 - 325. Let r(q) be the second derivative of w(q). Determine r(0).
-10
Suppose 0 = -25713*i + 25722*i - 45. Let c(t) = 2*t**3 - 16*t**2 + 27*t + 12. Give c(i).
-3
Let x = 6 + -4. Let o be (-200)/12*(-6)/4. Let q(l) = 24*l + 0*l**2 - o*l + 2*l**x. Give q(2).
6
Let q(w) = -w + 16. Suppose 16 = 8*k - 24. Suppose -i = -i - k*i. Determine q(i).
16
Let l(j) = 445*j**3 + 9*j**2 + j + 17. Let m(h) = -127*h**3 - 3*h**2 - 5. Let d(r) = -5*l(r) - 17*m(r). Give d(1).
-65
Let u = -2200 + 2205. Let l(i) = -3*i**2 + 2*i**2 + 3*i + i**3 + 5 - 4 - 4*i**2. Give l(u).
16
Let p(y) = 3*y + 0*y - y. Suppose 3*g - 24 = 3*f, 14*g + 35 = 18*g - 5*f. Suppose -g*w - 24*w - 232 = 0. Give p(w).
-16
Suppose 29 + 140 = 60*b + 109*b. Let n(w) = -25*w**3 + w**2 + 2*w - 2. Determine n(b).
-24
Let z(w) = -48*w**2 - 4 - 2*w + 15*w**2 + 5*w**2 + 16*w**2 + 15*w**2. Give z(5).
61
Suppose 43*o + 66 = 3*q + 46*o, -5*o = 4*q - 95. Let d(r) = 2*r - 73. Calculate d(q).
-43
Let o = -820 + 823. Let v(w) = -3*w**3 - 5*w**2 - 8*w + 3. Let y(u) = 2*u**3 + 4*u**2 + 7*u - 2. Let g(n) = -3*v(n) - 4*y(n). What is g(o)?
5
Let x(z) be the third derivative of z**5/12 + 25*z**4/24 + 5*z**3/6 + 171*z**2 + z. What is x(-5)?
5
Let k(c) be the second derivative of 0 - 4*c**2 - 1/6*c**3 + 76*c. Give k(6).
-14
Let s = 0 - -5. Suppose -1 = -n - t, -t - 3 - 2 = -s*n. Suppose 2*z + n = 7, -2*z = -y - 12. Let j(b) = 2*b - 3. Determine j(y).
-15
Let g(z) = 12*z**2 - 7*z + 8. Let j be g(3). Suppose 4*k = 3 - j. Let y = k + 28. Let m(o) = o**2 - 7*o + 7. Calculate m(y).
-3
Let t(z) = -3*z + 437 - 1748 + 439 + 442 + 431. What is t(-10)?
31
Let h(j) be the first derivative of j**3/6 + 6*j**2 - 237*j - 264. Let a(t) be the first derivative of h(t). Give a(-15).
-3
Let g(q) = 3*q - 9. Let z(y) = -4*y + 20. Let h(d) = -8*g(d) - 5*z(d). What is h(-8)?
4
Let h(w) be the first derivative of -w**2 + 5*w - 7. Let k(u) = u - 16. Let y be k(19). Let m be y/6*20 - 1*4. Calculate h(m).
-7
Let t(l) = -l**2 - 7*l + 287. Let s be t(-21). Let a(o) = 2*o**2 + 14*o + 16. What is a(s)?
16
Let h = 79 - 176. Let q = -51 - h. Let b(g) = -21*g + 2*g**2 + 5 + q*g - 19*g. Calculate b(-4).
13
Let h be (24 - 16) + (-3)/(-2)*2. Let c(b) = -2*b**2 + 17*b - 11. Let y(m) = -m**2 + 8*m - 5. Let a(s) = -3*c(s) + 5*y(s). Calculate a(h).
8
Let g(j) = -151*j**2 - 12*j**2 - 12*j + 164*j**2 + 15. Let w = 24 - 14. Calculate g(w).
-5
Let x(z) = -z**3 + 5*z - 3445 + 11*z + 17*z**2 - 2*z + 3495. Give x(18).
-22
Let f(s) = -s**3 + 9*s**2 - 12*s + 2. Let l be (567/324)/((-2)/(-16)*2). Calculate f(l).
16
Let y(l) = -23*l + 17*l**2 - 4*l + 2*l - 39 + 7*l + 2*l**3 + 5*l. Let d be y(-9). Let h(m) = 3*m**2 + 2*m + 3. Determine h(d).
24
Let a be (6/(-8) - -1) + (-616)/(-224). Suppose -38 = -4*z - a*p - 1, 5*p = -5*z + 40. Let l(y) = -y**3 + 13*y**2 - y + 13. Give l(z).
0
Let y(s) = -9*s**2 - 8*s - 9. Let u = -2577 + 2576. What is y(u)?
-10
Let n(p) be the second derivative of 7*p**3/3 + 3*p**2/2 - 2*p - 183. Give n(-2).
-25
Let x = -2859 + 2851. Let c(p) be the first derivative of p**4/4 + 8*p**3/3 + 6*p - 22. Determine c(x).
6
Let x be 550/80 - (-19)/152. Let r(f) = f**3 - 5*f**2 - 7*f - 48. Determine r(x).
1
Let b(x) be the third derivative of x**6/120 + 7*x**5/30 + 17*x**4/8 + 3*x**3 + 2*x**2 + 2147*x. Calculate b(-7).
4
Let t(f) = 3 + 16*f + 22*f - 56*f + 19*f. Let d(i) = 6*i**2 + 5*i + 4. Let o be d(-1). Give t(o).
8
Let q(p) = -p**2 - 7*p - 10. Suppose 14*r - 143 = -59. Let k be r*(-42)/(-108)*-3. What